t common factor of 5 and 405.
5
Calculate the highest common factor of 8797 and 19.
19
Calculate the greatest common divisor of 63 and 392.
7
What is the highest common factor of 246 and 533?
41
Calculate the highest common divisor of 6154 and 238.
34
What is the highest common factor of 3 and 813?
3
Calculate the greatest common factor of 1610 and 70.
70
Calculate the highest common factor of 204 and 48.
12
What is the greatest common factor of 1239 and 210?
21
Calculate the greatest common divisor of 301 and 77.
7
Calculate the greatest common factor of 81 and 105300.
81
What is the greatest common factor of 2268 and 140?
28
Calculate the greatest common divisor of 2166 and 114.
114
Calculate the highest common factor of 32 and 5024.
32
What is the highest common divisor of 84 and 36?
12
Calculate the highest common factor of 169 and 3523.
13
What is the greatest common divisor of 560 and 170?
10
What is the greatest common divisor of 2059 and 29?
29
Calculate the highest common divisor of 60 and 1020.
60
Calculate the greatest common divisor of 45 and 140.
5
Calculate the greatest common factor of 33 and 132.
33
Calculate the highest common divisor of 3231 and 9.
9
Calculate the greatest common divisor of 8128 and 127.
127
Calculate the greatest common divisor of 872 and 68.
4
What is the greatest common divisor of 6 and 258?
6
Calculate the greatest common divisor of 4298 and 56.
14
Calculate the highest common divisor of 544 and 48.
16
Calculate the greatest common factor of 798 and 210.
42
Calculate the highest common factor of 75 and 15.
15
What is the greatest common factor of 1905 and 45?
15
What is the greatest common divisor of 627 and 12749?
209
What is the greatest common divisor of 55 and 20?
5
What is the highest common divisor of 19 and 19?
19
Calculate the highest common divisor of 104 and 3068.
52
Calculate the greatest common factor of 99 and 462.
33
What is the highest common divisor of 1403 and 69?
23
Calculate the highest common divisor of 138 and 138.
138
Calculate the greatest common divisor of 31 and 6603.
31
What is the greatest common factor of 6994 and 208?
26
What is the highest common divisor of 7635 and 30?
15
What is the greatest common divisor of 2231 and 23?
23
What is the highest common divisor of 432 and 16?
16
Calculate the highest common factor of 540 and 51.
3
Calculate the greatest common divisor of 27234 and 51.
51
Calculate the highest common divisor of 234 and 46722.
78
What is the highest common divisor of 4 and 20?
4
Calculate the greatest common divisor of 594 and 54.
54
What is the greatest common divisor of 261 and 145?
29
Calculate the greatest common divisor of 32 and 848.
16
Calculate the highest common divisor of 154 and 70.
14
Calculate the highest common divisor of 17677 and 33.
11
What is the highest common factor of 14400 and 18?
18
Calculate the greatest common divisor of 1617 and 11.
11
What is the greatest common divisor of 3 and 904?
1
What is the greatest common divisor of 2245 and 10?
5
Calculate the greatest common divisor of 133 and 21.
7
What is the greatest common factor of 320 and 28960?
160
Calculate the highest common factor of 250 and 5.
5
Calculate the greatest common divisor of 168 and 24.
24
Calculate the greatest common factor of 192 and 72.
24
What is the greatest common divisor of 494 and 13?
13
Calculate the greatest common divisor of 15 and 51.
3
Calculate the highest common factor of 72 and 95832.
72
Calculate the highest common divisor of 11300 and 100.
100
Calculate the greatest common divisor of 6 and 150.
6
Calculate the greatest common divisor of 510 and 75.
15
Calculate the greatest common divisor of 144 and 1760.
16
Calculate the highest common divisor of 708 and 6.
6
Calculate the greatest common divisor of 104 and 130.
26
Calculate the highest common factor of 34 and 10.
2
What is the greatest common factor of 1357 and 23?
23
What is the highest common divisor of 602 and 430?
86
Calculate the greatest common divisor of 43 and 2.
1
What is the highest common factor of 34632 and 13?
13
Calculate the greatest common factor of 2472 and 168.
24
What is the highest common divisor of 166 and 3652?
166
What is the highest common divisor of 256 and 136?
8
Calculate the greatest common factor of 288 and 9408.
96
Calculate the highest common factor of 798 and 630.
42
Calculate the highest common factor of 477 and 53.
53
What is the highest common factor of 496 and 124?
124
Calculate the greatest common divisor of 850 and 476.
34
What is the highest common factor of 2 and 53?
1
Calculate the highest common factor of 855 and 11400.
285
What is the highest common factor of 72 and 4302?
18
What is the greatest common factor of 132 and 1?
1
Calculate the greatest common divisor of 189 and 7.
7
What is the highest common divisor of 300 and 12?
12
Calculate the highest common divisor of 48 and 600.
24
Calculate the highest common divisor of 63 and 2646.
63
Calculate the greatest common divisor of 1570 and 30.
10
What is the highest common divisor of 102 and 1054?
34
What is the highest common divisor of 165 and 4015?
55
What is the highest common divisor of 7467 and 393?
393
Calculate the greatest common factor of 4320 and 4560.
240
What is the greatest common factor of 93 and 651?
93
Calculate the greatest common divisor of 782 and 136.
34
What is the greatest common divisor of 24 and 24?
24
Calculate the greatest common divisor of 15164 and 68.
68
Calculate the highest common divisor of 50 and 70.
10
Calculate the highest common factor of 17536 and 512.
128
Calculate the greatest common factor of 696 and 21.
3
Calculate the highest common factor of 54 and 585.
9
Calculate the highest common factor of 3572 and 76.
76
Calculate the greatest common divisor of 30 and 66.
6
What is the highest common divisor of 172 and 1247?
43
Calculate the greatest common factor of 1161 and 297.
27
Calculate the greatest common factor of 25 and 1.
1
What is the greatest common factor of 11 and 3388?
11
What is the greatest common divisor of 3757 and 39?
13
What is the greatest common factor of 39034 and 58?
58
Calculate the greatest common factor of 46 and 23.
23
What is the highest common divisor of 495 and 55?
55
What is the highest common factor of 356 and 8?
4
Calculate the greatest common factor of 28 and 42.
14
What is the greatest common divisor of 8 and 16?
8
Calculate the highest common factor of 1218 and 1653.
87
Calculate the highest common factor of 11 and 2904.
11
What is the highest common divisor of 2176 and 1700?
68
Calculate the greatest common divisor of 24 and 1912.
8
What is the highest common divisor of 112 and 6048?
112
What is the greatest common divisor of 1606 and 22?
22
Calculate the highest common divisor of 180 and 585.
45
Calculate the greatest common factor of 647 and 2.
1
What is the highest common factor of 2212 and 237?
79
What is the highest common divisor of 100 and 20?
20
Calculate the greatest common divisor of 7710 and 90.
30
Calculate the highest common factor of 26127 and 9.
9
Calculate the highest common divisor of 276 and 24.
12
What is the greatest common factor of 1177 and 11?
11
Calculate the highest common divisor of 434 and 28.
14
What is the greatest common factor of 29 and 725?
29
What is the greatest common factor of 71 and 7?
1
What is the highest common factor of 506 and 44?
22
What is the highest common factor of 6 and 417?
3
Calculate the highest common factor of 5047 and 309.
103
Calculate the highest common divisor of 252 and 5516.
28
What is the highest common factor of 8 and 664?
8
Calculate the highest common divisor of 5650 and 50.
50
What is the highest common divisor of 1825 and 275?
25
What is the highest common divisor of 342 and 95?
19
What is the highest common divisor of 4460 and 20?
20
Calculate the greatest common divisor of 95 and 304.
19
What is the highest common factor of 5274 and 90?
18
What is the highest common factor of 8 and 10160?
8
What is the greatest common factor of 69 and 15663?
69
What is the greatest common divisor of 26 and 1131?
13
What is the highest common factor of 42 and 7?
7
What is the highest common factor of 189 and 861?
21
What is the highest common factor of 40 and 1260?
20
Calculate the gre